ulate the greatest common factor of 3466 and 6.
2
Calculate the greatest common divisor of 18 and 26172.
18
Calculate the greatest common divisor of 6555 and 1265.
115
What is the greatest common factor of 21303 and 73953?
81
Calculate the highest common divisor of 19798 and 418.
38
Calculate the greatest common divisor of 128 and 1188752.
16
Calculate the highest common factor of 102 and 1338495.
51
Calculate the highest common divisor of 10906 and 80465.
133
Calculate the highest common factor of 2552 and 256.
8
Calculate the greatest common divisor of 504 and 15274.
14
Calculate the greatest common divisor of 176 and 321992.
88
Calculate the greatest common divisor of 5626 and 74.
2
Calculate the greatest common factor of 164132 and 148.
148
Calculate the greatest common divisor of 253287 and 351.
27
Calculate the greatest common factor of 1387 and 4864.
19
Calculate the greatest common divisor of 19528 and 2.
2
What is the greatest common factor of 5959 and 17051?
59
Calculate the highest common factor of 7080 and 72880.
40
What is the highest common factor of 1932851 and 437?
437
Calculate the greatest common divisor of 115365 and 45.
15
What is the highest common divisor of 10456 and 14?
2
Calculate the highest common divisor of 6196809 and 423.
141
Calculate the greatest common divisor of 277 and 1152043.
277
Calculate the greatest common divisor of 9044 and 595.
119
Calculate the highest common factor of 290 and 480.
10
What is the greatest common divisor of 56621 and 3?
1
What is the greatest common factor of 48858 and 51?
51
What is the greatest common divisor of 84 and 326004?
84
Calculate the highest common factor of 396 and 113949.
99
What is the greatest common factor of 43010 and 66033?
253
What is the highest common factor of 360 and 4986?
18
Calculate the greatest common divisor of 15 and 626565.
15
Calculate the highest common factor of 82244 and 3132.
116
Calculate the greatest common factor of 338 and 4910464.
338
Calculate the greatest common factor of 292 and 164.
4
What is the greatest common divisor of 15 and 63840?
15
What is the greatest common factor of 2 and 45718?
2
What is the highest common divisor of 736096 and 32?
32
What is the greatest common factor of 50932 and 1070?
214
Calculate the highest common divisor of 31 and 578491.
31
What is the greatest common factor of 900 and 2744325?
225
Calculate the highest common factor of 180 and 68130.
90
Calculate the highest common factor of 200 and 515.
5
What is the greatest common divisor of 4944 and 282632?
824
What is the highest common divisor of 59755 and 5032?
629
Calculate the greatest common factor of 2236 and 96.
4
What is the greatest common factor of 66 and 14817?
33
What is the highest common divisor of 7008 and 864?
96
Calculate the highest common factor of 310 and 17546.
62
What is the highest common factor of 16416 and 819432?
1368
What is the highest common divisor of 1575 and 1512?
63
Calculate the greatest common divisor of 5 and 591690.
5
Calculate the highest common divisor of 4878 and 16802.
542
Calculate the highest common factor of 373642 and 2270.
454
What is the greatest common factor of 6591 and 390?
39
What is the highest common divisor of 493 and 14529?
29
What is the greatest common factor of 49197 and 12?
3
Calculate the greatest common factor of 4502806 and 2156.
1078
Calculate the highest common factor of 26353 and 8906.
73
What is the highest common divisor of 143 and 3817?
11
What is the greatest common divisor of 120 and 735?
15
Calculate the greatest common divisor of 26 and 4470804.
26
What is the highest common divisor of 14 and 208106?
2
Calculate the greatest common divisor of 44336 and 2244.
68
What is the greatest common factor of 449900 and 50?
50
What is the greatest common divisor of 1615 and 36936?
19
What is the highest common divisor of 1444 and 1748?
76
Calculate the greatest common divisor of 54930 and 30.
30
Calculate the highest common divisor of 2698 and 27702.
38
What is the greatest common factor of 21195 and 12?
3
What is the highest common factor of 6 and 1505118?
6
What is the highest common divisor of 131 and 33798?
131
What is the highest common factor of 331006 and 26?
26
What is the greatest common divisor of 110 and 1056?
22
Calculate the highest common factor of 25 and 83675.
25
What is the highest common factor of 133731 and 72657?
1053
Calculate the greatest common divisor of 159 and 770461.
53
What is the highest common divisor of 246 and 708?
6
What is the highest common factor of 78468 and 20?
4
What is the greatest common factor of 8900 and 180?
20
Calculate the highest common divisor of 12 and 5982756.
12
What is the highest common divisor of 162639 and 153?
153
Calculate the greatest common divisor of 17 and 1851521.
17
Calculate the greatest common divisor of 63 and 2223.
9
What is the greatest common factor of 66256 and 148672?
1616
Calculate the greatest common factor of 2964 and 6864.
156
What is the highest common divisor of 19955 and 65?
65
Calculate the greatest common divisor of 1288 and 53774.
322
What is the highest common factor of 475305 and 45?
15
What is the greatest common factor of 4076 and 769345?
1019
What is the greatest common factor of 6592 and 1168844?
412
Calculate the highest common factor of 128 and 132224.
128
What is the greatest common factor of 1160 and 19256?
232
What is the greatest common divisor of 8 and 6568?
8
What is the greatest common divisor of 24377 and 228?
19
Calculate the highest common factor of 810 and 829440.
810
Calculate the greatest common factor of 1449335 and 4335.
1445
What is the highest common divisor of 38995 and 1595?
55
What is the highest common factor of 251856 and 21384?
2376
What is the highest common factor of 238 and 2366?
14
What is the greatest common factor of 29522 and 2958?
58
What is the greatest common factor of 368 and 496?
16
What is the greatest common factor of 30 and 31170?
30
What is the highest common factor of 558669 and 438?
219
What is the greatest common factor of 6671 and 7077?
7
Calculate the highest common factor of 8 and 50564.
4
Calculate the greatest common factor of 605 and 15367.
121
What is the greatest common divisor of 21606 and 48?
6
What is the highest common factor of 9190460 and 20?
20
Calculate the greatest common divisor of 16 and 78136.
8
Calculate the highest common factor of 14 and 107359.
7
What is the greatest common divisor of 328048 and 5104?
464
Calculate the highest common divisor of 9853 and 59.
59
What is the greatest common factor of 32 and 90208?
32
Calculate the greatest common divisor of 44739 and 216.
27
Calculate the greatest common factor of 368 and 197168.
16
Calculate the greatest common factor of 86554 and 2626.
26
What is the highest common divisor of 7196 and 84?
28
Calculate the highest common divisor of 15 and 18255.
15
What is the highest common factor of 26 and 26871?
13
What is the highest common factor of 409526 and 26?
26
Calculate the highest common factor of 345 and 735.
15
What is the greatest common factor of 939464 and 86?
86
Calculate the highest common divisor of 24 and 51708.
12
Calculate the greatest common divisor of 2117607 and 513.
57
Calculate the highest common divisor of 18 and 41862.
6
Calculate the highest common divisor of 35132500 and 20.
20
What is the highest common factor of 221 and 8759777?
221
What is the greatest common factor of 2478 and 8001?
21
What is the greatest common divisor of 60 and 997860?
60
Calculate the greatest common divisor of 703 and 7585.
37
What is the highest common factor of 90 and 588?
6
What is the highest common factor of 1767150 and 140?
70
Calculate the greatest common factor of 1641 and 51.
3
Calculate the highest common divisor of 26299 and 29767.
289
What is the highest common divisor of 24 and 2053344?
24
What is the greatest common factor of 81 and 4887?
27
What is the greatest common factor of 309048 and 312?
24
Calculate the highest common factor of 2331 and 1113.
21
Calculate the highest common divisor of 329 and 99155.
7
What is the greatest common factor of 5069 and 175771?
137
What is the highest common factor of 7000 and 1190?
70
What is the greatest common divisor of 3157 and 1596?
7
What is the greates